ed by 925?
84
Calculate the remainder when 3413 is divided by 3398.
15
Calculate the remainder when 613787 is divided by 84.
83
What is the remainder when 43 is divided by 6?
1
What is the remainder when 97318 is divided by 58?
52
What is the remainder when 3997 is divided by 450?
397
What is the remainder when 3406 is divided by 312?
286
Calculate the remainder when 2766 is divided by 32.
14
Calculate the remainder when 1429 is divided by 466.
31
What is the remainder when 4671 is divided by 1158?
39
What is the remainder when 234092 is divided by 992?
972
What is the remainder when 108462 is divided by 642?
606
What is the remainder when 17783 is divided by 1614?
29
What is the remainder when 233729 is divided by 63?
62
Calculate the remainder when 193973 is divided by 38785.
48
Calculate the remainder when 1509297 is divided by 50.
47
Calculate the remainder when 35105 is divided by 185.
140
Calculate the remainder when 1189 is divided by 594.
1
What is the remainder when 3497 is divided by 1706?
85
What is the remainder when 17041 is divided by 1016?
785
Calculate the remainder when 261253 is divided by 34.
31
What is the remainder when 3188 is divided by 57?
53
Calculate the remainder when 401620 is divided by 122.
118
What is the remainder when 52163 is divided by 8690?
23
Calculate the remainder when 11273 is divided by 266.
101
Calculate the remainder when 10455 is divided by 10446.
9
What is the remainder when 48087 is divided by 93?
6
What is the remainder when 84764 is divided by 37?
34
Calculate the remainder when 1409 is divided by 157.
153
What is the remainder when 23264 is divided by 477?
368
Calculate the remainder when 3492 is divided by 872.
4
What is the remainder when 49078 is divided by 16358?
4
What is the remainder when 1509078 is divided by 503025?
3
What is the remainder when 391776 is divided by 501?
495
What is the remainder when 6185 is divided by 1875?
560
Calculate the remainder when 267297 is divided by 20.
17
What is the remainder when 112199 is divided by 170?
169
What is the remainder when 383745 is divided by 125?
120
Calculate the remainder when 53308 is divided by 187.
13
What is the remainder when 106550 is divided by 1440?
1430
Calculate the remainder when 100299 is divided by 8358.
3
Calculate the remainder when 6192134 is divided by 15.
14
Calculate the remainder when 24516 is divided by 819.
765
What is the remainder when 706 is divided by 57?
22
What is the remainder when 21799 is divided by 200?
199
What is the remainder when 1720 is divided by 717?
286
Calculate the remainder when 18685 is divided by 902.
645
What is the remainder when 14512 is divided by 59?
57
Calculate the remainder when 11499 is divided by 2872.
11
What is the remainder when 315 is divided by 55?
40
What is the remainder when 2305 is divided by 1135?
35
Calculate the remainder when 462 is divided by 237.
225
Calculate the remainder when 92661 is divided by 7127.
10
What is the remainder when 8223 is divided by 201?
183
What is the remainder when 4296 is divided by 226?
2
Calculate the remainder when 13026 is divided by 990.
156
What is the remainder when 3680 is divided by 913?
28
What is the remainder when 10075 is divided by 168?
163
What is the remainder when 2325 is divided by 578?
13
What is the remainder when 4249245 is divided by 1416413?
6
Calculate the remainder when 14259 is divided by 201.
189
What is the remainder when 6276898 is divided by 150?
148
Calculate the remainder when 30056 is divided by 104.
0
What is the remainder when 64696 is divided by 30?
16
Calculate the remainder when 38333 is divided by 3127.
809
What is the remainder when 2428 is divided by 113?
55
What is the remainder when 120763 is divided by 30156?
139
What is the remainder when 16735 is divided by 8315?
105
Calculate the remainder when 164990 is divided by 14994.
56
Calculate the remainder when 35518 is divided by 11792.
142
What is the remainder when 36589 is divided by 29?
20
What is the remainder when 5496 is divided by 2741?
14
Calculate the remainder when 7379 is divided by 2209.
752
Calculate the remainder when 145537 is divided by 313.
305
What is the remainder when 13214 is divided by 249?
17
Calculate the remainder when 50965 is divided by 53.
32
What is the remainder when 11994 is divided by 30?
24
Calculate the remainder when 20451 is divided by 20350.
101
Calculate the remainder when 29791 is divided by 411.
199
What is the remainder when 199 is divided by 42?
31
Calculate the remainder when 31632 is divided by 67.
8
What is the remainder when 574267 is divided by 121?
1
Calculate the remainder when 71050 is divided by 329.
315
What is the remainder when 10415 is divided by 110?
75
Calculate the remainder when 5357 is divided by 2648.
61
What is the remainder when 113710 is divided by 24?
22
What is the remainder when 147064 is divided by 728?
8
What is the remainder when 3509 is divided by 220?
209
What is the remainder when 1728 is divided by 37?
26
What is the remainder when 183841 is divided by 595?
581
What is the remainder when 652542 is divided by 163132?
14
Calculate the remainder when 17324266 is divided by 13.
11
What is the remainder when 4709 is divided by 1077?
401
Calculate the remainder when 72294 is divided by 28.
26
What is the remainder when 21953 is divided by 21951?
2
What is the remainder when 30093 is divided by 72?
69
Calculate the remainder when 332644 is divided by 967.
963
Calculate the remainder when 6887 is divided by 190.
47
What is the remainder when 1115 is divided by 168?
107
Calculate the remainder when 37107 is divided by 70.
7
Calculate the remainder when 443 is divided by 195.
53
Calculate the remainder when 64889 is divided by 70.
69
What is the remainder when 4358135 is divided by 309?
308
What is the remainder when 12880 is divided by 19?
17
What is the remainder when 1311 is divided by 250?
61
Calculate the remainder when 1229 is divided by 237.
44
Calculate the remainder when 82460 is divided by 41223.
14
Calculate the remainder when 169725 is divided by 4041.
3
What is the remainder when 218 is divided by 197?
21
Calculate the remainder when 1166991 is divided by 13.
7
What is the remainder when 1622 is divided by 162?
2
What is the remainder when 92294 is divided by 18?
8
Calculate the remainder when 14850 is divided by 1910.
1480
Calculate the remainder when 373317 is divided by 12.
9
Calculate the remainder when 769381 is divided by 102.
97
What is the remainder when 138713 is divided by 4?
1
Calculate the remainder when 537122 is divided by 418.
410
What is the remainder when 50503 is divided by 8?
7
Calculate the remainder when 64492 is divided by 1657.
1526
What is the remainder when 54471 is divided by 226?
5
Calculate the remainder when 30917 is divided by 6.
5
Calculate the remainder when 3264 is divided by 20.
4
What is the remainder when 29095 is divided by 119?
59
Calculate the remainder when 21584 is divided by 83.
4
Calculate the remainder when 77012 is divided by 25.
12
What is the remainder when 2858 is divided by 359?
345
Calculate the remainder when 1189 is divided by 590.
9
What is the remainder when 4462 is divided by 1391?
289
Calculate the remainder when 907 is divided by 80.
27
Calculate the remainder when 437851 is divided by 799.
798
What is the remainder when 11919 is divided by 11909?
10
What is the remainder when 2033 is divided by 338?
5
Calculate the remainder when 5665 is divided by 858.
517
What is the remainder when 16188 is divided by 65?
3
What is the remainder when 2534 is divided by 28?
14
What is the remainder when 9230 is divided by 2307?
2
Calculate the remainder when 201876 is divided by 511.
31
What is the remainder when 10925 is divided by 1086?
65
What is the remainder when 5228 is divided by 375?
353
What is the remainder when 7177 is divided by 2378?
43
What is the remainder when 60267 is divided by 61?
60
Calculate the remainder when 12917 is divided by 2148.
29
Calculate the remainder when 112405 is divided by 18734.
1
Calculate the remainder when 5680 is divided by 380.
360
Calculate the remainder when 14437 is divided by 157.
150
Calculate the remainder when 3088 is divided by 205.
13
What is the remainder when 1044132 is divided by 5